re the prime factors of 74716732?
2, 3089, 6047
List the prime factors of 23862709.
13, 1835593
What are the prime factors of 80878461?
3, 26959487
What are the prime factors of 890552400?
2, 3, 5, 742127
List the prime factors of 5089677542.
2, 43, 79, 749143
What are the prime factors of 41606300?
2, 5, 29, 14347
List the prime factors of 306274515.
3, 5, 1637, 12473
What are the prime factors of 3263679160?
2, 5, 7, 11655997
What are the prime factors of 69870811?
47, 83, 17911
What are the prime factors of 5152752007?
13, 396365539
List the prime factors of 3423036405.
3, 5, 283, 806369
What are the prime factors of 4902452017?
787, 811, 7681
List the prime factors of 33720503.
17, 1983559
List the prime factors of 204129969.
3, 68043323
What are the prime factors of 66256752?
2, 3, 17, 81197
What are the prime factors of 222147570?
2, 3, 5, 23, 173, 1861
List the prime factors of 125236000.
2, 5, 131, 239
What are the prime factors of 229285555?
5, 1997, 22963
List the prime factors of 273103472.
2, 23, 137, 5417
List the prime factors of 1821480337.
647, 2815271
List the prime factors of 255627358.
2, 7, 163, 112019
List the prime factors of 635360454.
2, 3, 35297803
List the prime factors of 699533882.
2, 29, 41, 294169
What are the prime factors of 2502333535?
5, 13, 19, 2026181
List the prime factors of 87742997.
87742997
What are the prime factors of 14975810?
2, 5, 17, 88093
What are the prime factors of 465217610?
2, 5, 11, 13, 113, 2879
List the prime factors of 1675646.
2, 7, 119689
List the prime factors of 2301088751.
13, 23, 7695949
List the prime factors of 18706823.
617, 30319
List the prime factors of 3155186365.
5, 41, 59, 353, 739
List the prime factors of 5237321393.
17, 3187, 96667
What are the prime factors of 7792864?
2, 243527
What are the prime factors of 368055886?
2, 11, 16729813
What are the prime factors of 2584086573?
3, 6491, 132701
What are the prime factors of 1726209461?
17, 101541733
What are the prime factors of 2747090368?
2, 11, 311, 12547
What are the prime factors of 176761346?
2, 3931, 22483
What are the prime factors of 36842517?
3, 1063, 3851
What are the prime factors of 17086005?
3, 5, 67, 1889
What are the prime factors of 55805891?
55805891
List the prime factors of 84943358.
2, 42471679
What are the prime factors of 61606846?
2, 7, 29, 41, 3701
List the prime factors of 22211412.
2, 3, 1850951
What are the prime factors of 28073361?
3, 79, 118453
List the prime factors of 455181633.
3, 16858579
What are the prime factors of 6934784?
2, 103, 263
List the prime factors of 299865502.
2, 149932751
List the prime factors of 2069022892.
2, 3823, 135301
List the prime factors of 70305588.
2, 3, 1952933
List the prime factors of 6682736298.
2, 3, 7, 159112769
What are the prime factors of 338991108?
2, 3, 59, 478801
List the prime factors of 103725815.
5, 79, 262597
List the prime factors of 2828465966.
2, 1414232983
What are the prime factors of 1009935258?
2, 3, 227, 741509
What are the prime factors of 15589274?
2, 149, 52313
What are the prime factors of 62025976?
2, 7753247
List the prime factors of 116501366.
2, 199, 292717
What are the prime factors of 35434475?
5, 47, 53, 569
List the prime factors of 108793566.
2, 3, 7, 773, 1117
List the prime factors of 911975.
5, 36479
List the prime factors of 86308477.
86308477
What are the prime factors of 2568434049?
3, 95127187
List the prime factors of 313183526.
2, 349, 448687
What are the prime factors of 25398750?
2, 3, 5, 13, 521
What are the prime factors of 74064252?
2, 3, 6172021
What are the prime factors of 3981093095?
5, 7, 6277, 18121
What are the prime factors of 2974476981?
3, 7, 141641761
What are the prime factors of 179938992?
2, 3, 37, 71, 1427
List the prime factors of 381546218.
2, 23, 8294483
What are the prime factors of 640483508?
2, 7, 3267773
List the prime factors of 3948448632.
2, 3, 97, 1696069
What are the prime factors of 2415826355?
5, 193, 787, 3181
List the prime factors of 66831008.
2, 23, 90803
What are the prime factors of 371902840?
2, 5, 139, 66889
List the prime factors of 36878016.
2, 3, 7, 23, 1193
List the prime factors of 61356148.
2, 7, 2191291
What are the prime factors of 2081064999?
3, 13, 31, 643, 2677
What are the prime factors of 862260482?
2, 431130241
List the prime factors of 3488460.
2, 3, 5, 53, 1097
What are the prime factors of 1666935011?
7, 587, 405679
What are the prime factors of 7330574857?
83, 88320179
What are the prime factors of 775091784?
2, 3, 32295491
List the prime factors of 253248616.
2, 31656077
What are the prime factors of 426486139?
18731, 22769
What are the prime factors of 5751491314?
2, 2875745657
What are the prime factors of 220319875?
5, 23, 197, 389
List the prime factors of 3651098954.
2, 41, 43, 1035479
List the prime factors of 126522952.
2, 991, 15959
List the prime factors of 1015997605.
5, 7, 17, 83, 2939
List the prime factors of 561311392.
2, 17540981
What are the prime factors of 12071440?
2, 5, 150893
What are the prime factors of 2323514197?
37, 62797681
List the prime factors of 2916813923.
41, 2621, 27143
What are the prime factors of 577891072?
2, 11, 163, 1259
List the prime factors of 416800395.
3, 5, 11, 842021
What are the prime factors of 408370778?
2, 167, 1222667
List the prime factors of 158258579.
158258579
What are the prime factors of 143484665?
5, 103, 278611
What are the prime factors of 3819246785?
5, 29, 26339633
What are the prime factors of 2814522578?
2, 7, 5827, 34501
What are the prime factors of 382668780?
2, 3, 5, 13, 127, 3863
List the prime factors of 329991094.
2, 31, 1907, 2791
List the prime factors of 11721576.
2, 3, 488399
What are the prime factors of 211614443?
211614443
What are the prime factors of 422729?
79, 5351
What are the prime factors of 52808410?
2, 5, 19, 41, 6779
List the prime factors of 527787427.
527787427
List the prime factors of 2337005.
5, 11, 42491
What are the prime factors of 79306509?
3, 157, 163, 1033
List the prime factors of 5216119.
5216119
List the prime factors of 171020592.
2, 3, 47, 8423
What are the prime factors of 110184355?
5, 22036871
What are the prime factors of 1504652921?
19, 31, 2554589
What are the prime factors of 1495757019?
3, 17, 29328569
What are the prime factors of 1940225928?
2, 3, 83, 974009
List the prime factors of 105961622.
2, 13, 4075447
List the prime factors of 254340067.
941, 270287
List the prime factors of 7617386.
2, 7, 544099
What are the prime factors of 48665193?
3, 1277, 12703
What are the prime factors of 265446370?
2, 5, 7, 3792091
What are the prime factors of 69179064?
2, 3, 2882461
List the prime factors of 141825846.
2, 3, 2851, 8291
What are the prime factors of 153959364?
2, 3, 13, 61, 5393
What are the prime factors of 1742680264?
2, 13, 43, 389687
What are the prime factors of 425842254?
2, 3, 23657903
What are the prime factors of 53033440?
2, 5, 461, 719
What are the prime factors of 299928547?
19, 830827
What are the prime factors of 714942832?
2, 31, 157, 9181
List the prime factors of 339951548.
2, 84987887
List the prime factors of 65647581.
3, 21882527
What are the prime factors of 1479772789?
11, 149, 197, 4583
List the prime factors of 47389050.
2, 3, 5, 11701
List the prime factors of 55636615.
5, 11127323
What are the prime factors of 102712683?
3, 229, 307, 487
List the prime factors of 465192217.
7, 587, 113213
List the prime factors of 17421252.
2, 3, 19, 109, 701
List the prime factors of 278712992.
2, 8709781
List the prime factors of 35313028.
2, 227, 38891
What are the prime factors of 199916620?
2, 5, 9995831
What are the prime factors of 455794712?
2, 37, 1539847
What are the prime factors of 1394851366?
2, 229, 863, 3529
List the prime factors of 71866599.
3, 7, 17, 201307
What are the prime factors of 157521974?
2, 31, 2540677
List the prime factors of 40641048.
2, 3, 7, 26879
List the prime factors of 1353403357.
431, 3140147
List the prime factors of 4012192957.
1373, 2922209
What are the prime factors of 292999930?
2, 5, 17, 317, 5437
What are the prime factors of 115316399?
11, 313, 33493
What are the prime factors of 81478913?
81478913
What are the prime factors of 814364256?
2, 3, 59, 143779
What are the prime factors 